0.
500
Calculate the greatest common divisor of 33534 and 918.
54
What is the greatest common divisor of 65 and 391950?
65
Calculate the highest common factor of 46 and 211738.
46
What is the highest common factor of 4590 and 60350?
170
Calculate the greatest common factor of 37640 and 180.
20
What is the highest common divisor of 6576 and 84?
12
Calculate the greatest common factor of 56640 and 72.
24
Calculate the highest common divisor of 4706 and 117.
13
Calculate the highest common factor of 487925 and 145.
145
What is the highest common divisor of 3336 and 39059?
139
What is the greatest common divisor of 108987 and 51?
51
What is the greatest common factor of 106015 and 105?
35
Calculate the highest common divisor of 94 and 36989.
47
Calculate the greatest common divisor of 44671 and 682.
341
What is the highest common divisor of 536 and 33299?
67
Calculate the highest common factor of 345932 and 2634.
878
What is the greatest common divisor of 833504 and 1464?
488
Calculate the highest common factor of 1914 and 1551.
33
Calculate the greatest common divisor of 831 and 1038.
3
Calculate the greatest common divisor of 652 and 24632.
4
Calculate the highest common factor of 1050 and 7725.
75
What is the greatest common factor of 598 and 260?
26
What is the highest common factor of 97 and 10156967?
97
What is the highest common divisor of 219828 and 60?
12
What is the greatest common factor of 626 and 2459554?
626
Calculate the greatest common factor of 2979 and 54284.
331
What is the greatest common factor of 128 and 4112?
16
Calculate the highest common factor of 522 and 4437.
261
Calculate the highest common divisor of 4736773 and 29.
29
Calculate the greatest common factor of 67132 and 416.
52
Calculate the greatest common factor of 22 and 75372.
22
Calculate the greatest common divisor of 48447 and 72.
9
Calculate the highest common factor of 1572035 and 5.
5
Calculate the highest common factor of 2148 and 168081.
537
What is the greatest common divisor of 3725 and 19025?
25
What is the greatest common factor of 392648 and 8?
8
What is the greatest common factor of 9529 and 1066?
13
Calculate the highest common divisor of 576 and 846864.
144
What is the greatest common factor of 5610 and 297?
33
What is the highest common factor of 92291 and 533?
41
Calculate the highest common divisor of 5074 and 7654.
86
What is the greatest common factor of 38590 and 3910?
170
What is the highest common divisor of 558 and 1902?
6
What is the greatest common divisor of 975 and 33605?
65
What is the greatest common factor of 4110 and 443058?
822
Calculate the greatest common factor of 868 and 237584.
124
What is the highest common factor of 185709 and 927?
309
What is the highest common divisor of 24312 and 1067702?
2026
Calculate the greatest common factor of 495 and 194029.
11
What is the greatest common divisor of 30 and 4335?
15
What is the greatest common divisor of 1875 and 155?
5
Calculate the highest common factor of 95934 and 23718.
354
Calculate the highest common factor of 61656 and 504.
168
What is the highest common factor of 3223231 and 11?
11
What is the greatest common divisor of 28 and 296996?
28
What is the greatest common divisor of 20988 and 795?
159
What is the greatest common factor of 107 and 457318?
107
What is the greatest common factor of 980074 and 158?
158
Calculate the greatest common factor of 444 and 17262.
6
Calculate the highest common factor of 73371 and 925.
37
What is the greatest common factor of 120 and 3505?
5
What is the greatest common factor of 5471410 and 210?
70
Calculate the greatest common divisor of 17018 and 335.
67
What is the highest common factor of 145 and 4920?
5
Calculate the highest common factor of 90 and 24930.
90
What is the highest common divisor of 5626 and 9894?
194
Calculate the greatest common divisor of 8188 and 1869.
89
Calculate the highest common factor of 1673 and 4844.
7
Calculate the greatest common factor of 30856 and 228.
76
What is the highest common factor of 7 and 15897?
7
Calculate the greatest common factor of 24798 and 96.
6
Calculate the highest common divisor of 18 and 30951.
9
What is the greatest common divisor of 1056 and 5819?
11
Calculate the highest common factor of 69958 and 28.
14
Calculate the highest common factor of 256 and 7400.
8
What is the highest common divisor of 2920 and 944?
8
What is the highest common divisor of 326849 and 461?
461
Calculate the greatest common divisor of 330947 and 115.
23
What is the greatest common factor of 1042002 and 976?
122
What is the greatest common factor of 482541 and 2868?
717
What is the highest common factor of 11578 and 34762?
14
What is the greatest common divisor of 25715 and 168885?
695
Calculate the greatest common divisor of 136 and 737936.
136
Calculate the greatest common factor of 1854 and 188490.
618
Calculate the greatest common factor of 135 and 34830.
135
What is the greatest common factor of 255 and 10761?
51
Calculate the highest common divisor of 19 and 4261.
1
Calculate the highest common factor of 580 and 75284.
116
What is the highest common factor of 208 and 1482832?
208
What is the highest common divisor of 9 and 104766?
3
What is the highest common divisor of 1008 and 6504?
24
Calculate the highest common factor of 186240 and 600.
120
Calculate the greatest common divisor of 407 and 37888.
37
Calculate the greatest common divisor of 10 and 28745.
5
Calculate the greatest common factor of 185 and 82140.
185
Calculate the highest common divisor of 31266 and 486.
162
What is the highest common divisor of 30622 and 2259?
251
What is the greatest common factor of 48 and 16240?
16
What is the highest common factor of 32 and 203?
1
What is the greatest common factor of 23616 and 1164?
12
Calculate the highest common divisor of 32453 and 58259.
391
What is the highest common factor of 15016 and 472?
8
Calculate the greatest common factor of 1148 and 1596.
28
Calculate the highest common divisor of 192467 and 352.
11
What is the highest common factor of 55 and 48609?
11
What is the highest common divisor of 63 and 109287?
9
What is the highest common divisor of 163 and 995930?
163
Calculate the highest common factor of 330112 and 128.
128
What is the highest common divisor of 45657 and 3456?
27
Calculate the greatest common factor of 89168 and 48.
16
Calculate the highest common factor of 85 and 133909.
17
Calculate the highest common divisor of 57197 and 112.
7
What is the highest common divisor of 29551 and 12122?
29
Calculate the highest common divisor of 896 and 124936.
56
Calculate the greatest common factor of 77 and 859551.
77
What is the greatest common factor of 11454 and 17664?
138
What is the greatest common divisor of 10106 and 3260?
326
Calculate the greatest common divisor of 16365 and 7.
1
Calculate the greatest common factor of 135280 and 6384.
304
Calculate the greatest common divisor of 5774032 and 22.
22
What is the highest common divisor of 1204 and 26376?
28
Calculate the highest common divisor of 5265 and 320112.
1053
What is the highest common factor of 345 and 44160?
345
Calculate the highest common factor of 1 and 56439.
1
What is the greatest common factor of 5764 and 72836?
524
Calculate the greatest common divisor of 855168 and 6.
6
What is the greatest common factor of 317690 and 10?
10
Calculate the highest common factor of 2235516 and 4338.
1446
What is the highest common divisor of 720925 and 25?
25
Calculate the highest common factor of 450018 and 46.
46
Calculate the greatest common factor of 24830 and 260.
130
Calculate the greatest common factor of 2275 and 377.
13
Calculate the greatest common divisor of 116 and 13352992.
116
What is the highest common divisor of 7377570 and 60?
30
What is the highest common divisor of 195430 and 5?
5
What is the greatest common divisor of 707 and 44036?
101
Calculate the greatest common divisor of 11 and 31669.
11
What is the greatest common divisor of 1671525 and 306?
153
What is the highest common factor of 185 and 54645?
5
Calculate the greatest common factor of 220220 and 140.
140
What is the highest common divisor of 15232 and 1717?
17
Calculate the highest common factor of 133490 and 1190.
70
Calculate the greatest common div